 k?
7
Let c(l) = 2*l**3 - l + 1. Let x be c(1). Calculate the remainder when 77 is divided by 10*(-3)/((-3)/x).
17
Calculate the remainder when (4 + (-5)/5)/((-75)/(-28550)) is divided by 26.
24
Let y = -579 + 608. Calculate the remainder when 983 is divided by y.
26
Suppose -36 - 36 = -3*w. What is the remainder when 236 is divided by w?
20
Suppose -4*s + 157 = 5*t, -5*t + 0 = -5*s - 175. Calculate the remainder when 136 is divided by t.
4
Let r(y) be the third derivative of y**5/30 - y**4/6 - 7*y**3/6 + y**2. Let j = 151 + -138. What is the remainder when r(-5) is divided by j?
11
Suppose 4*f - 20 = -f. Suppose f*c - 18 - 48 = 2*j, 93 = 5*c + j. Suppose -c*a + 24 = -15*a. Calculate the remainder when a is divided by 3.
2
Let f(k) = k**2 + 14*k - 1. Let j(r) = r - 1. Let m(o) = -f(o) + 3*j(o). Calculate the remainder when m(-8) is divided by -24*(21/(-6) - -3).
10
Let t = -19 - -31. Calculate the remainder when (4/6)/(8/540) is divided by t.
9
Suppose -7*z = -10*z. Let t be -1*((3 - z) + -16). Let r(d) = d**2 - 13*d + 15. What is the remainder when 56 is divided by r(t)?
11
Suppose 8*s - 383 = -191. What is the remainder when 100 is divided by s?
4
Let o = 1857 + -1823. Calculate the remainder when 61 is divided by o.
27
Let p(b) = b**2 - 7*b - 6. Let y be p(8). Suppose 12 = -3*v + 3*x, -y*x + 8 = -v - 4*v. Calculate the remainder when 34 is divided by -24*(-3)/(6 + v).
10
Let h(w) = 7*w. Let o(f) = -f**3 + 3*f**2 + 12*f - 1. Let n = 21 + -16. Calculate the remainder when h(2) is divided by o(n).
5
Let b(j) = -24*j + 1421. Calculate the remainder when b(45) is divided by 55.
11
Let v be (-22)/99 - (-20)/9. Suppose -v*i - 2 = -228. Calculate the remainder when i is divided by 29.
26
Let f be (3 + (-9)/3)/2. Suppose d - 114 = -3*d + 2*s, -d - 2*s + 26 = f. Calculate the remainder when 1/(-1)*-113 - 3 is divided by d.
26
Let f be (-1)/1*(1 - -2). Let x be 15*4*f/(-18). Calculate the remainder when 64 is divided by 57/3 + (9 - x).
10
Let l = -2650 - -2673. Let d(w) = w. Let t be d(4). What is the remainder when l is divided by ((-3)/4)/(t/(-48))?
5
Let g = -157 - -185. What is the remainder when 167 is divided by g?
27
Suppose 145 = -4*f - 27. Let r be (-1)/4 + 222/(-8). Let n = r - f. What is the remainder when 43 is divided by n?
13
Let d be (-17)/(-2) + 1/(-2)*1. Suppose -80 = -13*x + d*x. What is the remainder when x is divided by 5?
1
Let x = -13 + 13. Suppose 4*y = 5*d - 122, 3*y - 2*d - 2*d + 92 = x. Let p = -6 - y. Calculate the remainder when p is divided by 6.
4
Suppose -5*z + 709 - 124 = 0. Calculate the remainder when z is divided by 21.
12
Suppose 0 = -3*s + 5*l + 80, -l + 5*l - 121 = -5*s. Suppose -10*z + s = -5*z. Suppose -73 = -z*h + 117. Calculate the remainder when h is divided by 20.
18
Suppose l + 4*l - 20 = 0. Suppose 0 = 5*h - 5*w + 55, 3*w - 2 = 4. Let d = h - -19. What is the remainder when d is divided by l?
2
Let d(z) = -z + 5. Let n(j) = -1. Let c(o) = -6*d(o) - 22*n(o). What is the remainder when 30 is divided by c(4)?
14
Let d(q) = 4*q + 15. What is the remainder when 100 is divided by d(2)?
8
Suppose 277*t + 108 = 283*t. Let n = -4 - -6. Suppose -i = -6*i, 2*v = n*i + 70. Calculate the remainder when v is divided by t.
17
Let v(u) = u**2 - 108*u + 1476. Suppose -4*s + t - 6*t + 249 = 0, 0 = s - 5*t - 56. What is the remainder when v(95) is divided by s?
58
Let g = -38 + 38. Calculate the remainder when 40 is divided by -1 + (-45)/(-3) + g.
12
Let b(t) = -6*t**3 + 68*t**2 - 5*t + 22. What is the remainder when b(11) is divided by 21?
20
Let z be 1 + 2/1 + 11. Suppose -2*n - z = 3*x, -3*n = -5*x - 8 - 9. Calculate the remainder when 22 is divided by 2/n*(-16)/4.
6
Suppose 5072 = 19*j + 379. What is the remainder when j is divided by 23?
17
Suppose -912 = -36*d + 12*d. Calculate the remainder when d is divided by 20.
18
Suppose -231 = -3*u - 4*g + 3*g, u + 4*g = 77. Calculate the remainder when u is divided by 6.
5
Calculate the remainder when ((-13)/((-143)/(-33)))/((-3)/62) is divided by 7.
6
Let y(v) = 4*v**2 + v - 1. Let t be y(3). Suppose -4*x + 5 = -3. Suppose 2*g - 2*n - t = 0, x*g - 19 = -n + 4. Calculate the remainder when g is divided by 5.
4
Let j = -1746 - -1777. What is the remainder when 216 is divided by j?
30
Let g(a) = 4*a - 14. Let b be g(4). Suppose 4*s = -b*s + 54. Calculate the remainder when 33 is divided by s.
6
Calculate the remainder when 47 is divided by -165 + 180 - (-1 + 1).
2
Suppose -3*g - 8 = 5*l + 4, g + 4 = 3*l. Suppose l = 5*v + 3*v - 160. Calculate the remainder when 97 is divided by v.
17
Suppose 0 = y, -3*y - 6 = n - 7*y. Let l = -11 - n. Let u(h) = h**3 + 6*h**2 - 2*h - 4. What is the remainder when u(l) is divided by 11?
9
Suppose 0 = -16*u + 1920 + 160. Calculate the remainder when u is divided by 51.
28
Suppose 0 = -51*g + 53*g - 28. Let h = 27 - 3. Calculate the remainder when h is divided by g.
10
Let a = 425 - 419. Suppose -104 + 34 = -5*z. Suppose -41 + z = -3*m. What is the remainder when m is divided by a?
3
Suppose 0 + 2 = 2*a. Let z be -3 + 29*(2 - a). Let b = -20 + z. Calculate the remainder when b is divided by 3.
0
Suppose -13*x + 266 = -8*x + 3*z, -256 = -5*x + 2*z. What is the remainder when x is divided by 23?
6
Let p(u) = u**2 + 4*u + 70. Let m be p(0). Let r = m + -36. Suppose -4*z = -50 - r. Calculate the remainder when z is divided by 4.
1
Let i be 6*-4*4/(-32). Suppose 5*k - 55 = 5*j, 5*k - i*k + 3*j = 2. Calculate the remainder when k is divided by ((-4)/(-10))/(4/40).
3
Let w = 0 + 16. Calculate the remainder when w is divided by 4 - ((-31)/5 - 13/(-65)).
6
Let c(x) be the first derivative of -5*x**2 + 1/3*x**3 - 7 - 5*x. Calculate the remainder when 29 is divided by c(11).
5
Suppose 2*o + 0*o = 4*z, -z + 2*o - 6 = 0. Suppose -z*g - 3*g - 677 = -4*i, -2*i + 2*g = -340. What is the remainder when i is divided by 35?
33
Suppose 3*q = -q, 3*q = -5*p - 90. Suppose -2*r + 81 = -97. Calculate the remainder when r is divided by (20/(-12))/(1/p).
29
Let n(u) = u**3 + 9*u**2 - 12*u - 14. Let a be n(-10). Suppose a*w - 87 = 15. Calculate the remainder when 66 is divided by w.
15
Let h be ((-4)/6)/(1/(-6)). Suppose -2*t - 8 = -h*t. Suppose 0*g - 4*r = 3*g - 2, t*g = -2*r + 6. Calculate the remainder when 2 is divided by g.
0
Let l(f) = -f + 3. Let g be l(3). Suppose v + 545 = 5*s, -3*s + g*v + 310 = -4*v. Let z = s - 77. What is the remainder when z is divided by 18?
15
Let c = 23 + -5. Suppose 44*r - 2991 + 659 = 0. What is the remainder when r is divided by c?
17
Suppose 0 = 3*w - w - 192. Let l = -40 + w. What is the remainder when l is divided by 19?
18
Suppose -41*d + 97 + 26 = 0. What is the remainder when 22 is divided by d?
1
Let z(q) = 19*q + 21. Calculate the remainder when z(6) is divided by 8.
7
Suppose -4 = -3*r + 4*p + 6, -2*r = -3*p - 6. Suppose -r*j = 7 - 49. What is the remainder when 48 is divided by j?
6
Suppose 3*d = 2*n - 220, n - 2*d - 108 = -0*n. What is the remainder when n is divided by (14/(-21))/((-4)/102)?
14
Suppose -324 = -3*j - 0*j. Suppose 0 = 2*m - 14 - j. Suppose -4*b - 72 = -5*r, 4 = 2*b - 0. Calculate the remainder when m is divided by r.
13
Let f be 140/2 - (0 - 2). Suppose 2*c + c = f. Suppose -146 = -2*n + 2*w, -9*n + 3*w = -4*n - 359. What is the remainder when n is divided by c?
22
Let s(q) = 5*q - 7*q - 2*q**3 + 8*q**2 - 22*q**2 - 7. Let l be s(-7). Suppose -35 = -2*o - l. What is the remainder when 53 is divided by o?
11
Let j = 0 + 29. Let b(i) = i**3 - 28*i**2 - 27*i - 33. What is the remainder when 146 is divided by b(j)?
21
What is the remainder when 38 is divided by 64/(-30) - -2 - (-3817)/165?
15
Suppose 45 = 184*a - 181*a. Calculate the remainder when 509 is divided by a.
14
Suppose -3*g + 4*k = 3*k - 67, -89 = -5*g - 4*k. Let d = g - 20. What is the remainder when 5 is divided by 4/(-3)*(-2 - d)?
1
Let g = -519 - -717. Calculate the remainder when g is divided by 53.
39
Suppose 67*v - 113 = 66*v. Let m(f) = -9*f + 3. Let d be m(-8). Let g = d + -52. What is the remainder when v is divided by g?
21
Let l(w) = 18*w**2 + 14*w - 12. What is the remainder when 76 is divided by l(1)?
16
Let i(u) = -3*u - 6. Let r be i(-4). Suppose -8*d + r*d - 28 = 0. Let m = d + 21. What is the remainder when 34 is divided by m?
6
Let d